f. What is r(8)?
0
Let b be (3/(-6) - 2)*-2. Let k = -1 + b. Let w(u) = -u - 2. Determine w(k).
-6
Let j(q) = 8*q**2 + 2*q + 3. Let x(s) = 17*s**2 + 5*s + 7. Let b = 3 - 5. Let a = 5 - b. Let k(d) = a*j(d) - 3*x(d). Calculate k(-1).
6
Let i = -77 - -78. Let c(s) = 3*s**2 + 1. What is c(i)?
4
Let q(d) = 2*d**2 + d**2 + 0*d + 2*d - 1. Let m be 44/(-77) + 148/14. Let s be (-18)/m - (-7)/(-35). Give q(s).
7
Let b(x) be the first derivative of -x**2/2 - 2*x - 7. Suppose 2*g - 5*i + 13 = -4, -g - 2*i = -14. Determine b(g).
-6
Let d(u) be the first derivative of -3*u**2 + 7*u + 1. Let w(m) = -5*m + 6. Let g(i) = 6*d(i) - 7*w(i). What is g(1)?
-1
Let t = 68 + -75. Let a(o) = -o**3 - 7*o**2 - 2*o + 9. Give a(t).
23
Let y(d) = -8*d - 2. Let p be y(-1). Let z(f) = -f + 12. What is z(p)?
6
Let j be (-8)/36 - 40/(-18). Suppose 1 = j*d - 3. Let h(g) = 3*g**2 - g - g**2 - 4 - g**d. Determine h(-3).
8
Let x be (-4)/14 + (66/(-14) - -2). Let s(y) be the first derivative of y**2 - 4*y + 1. What is s(x)?
-10
Let w(h) = 2*h - 3. Let u be w(4). Let b(x) be the first derivative of x**2 - 1/3*x**3 + 8 + 6*x. Give b(u).
-9
Let c(f) = 5 - 2*f + 16*f + f**2 - 7*f. What is c(-4)?
-7
Let q(k) = -37 + 41 - 2*k + 3*k - 2*k. Determine q(6).
-2
Suppose -c + 20 = 3*c. Let b(g) = -g**2 + 2*g. Determine b(c).
-15
Let f = 6 + -4. Let v(y) = y**2 - 2*y + 1 + 7*y - 3 + y**3 - 7*y**f. Give v(5).
-2
Let a = -8 + 14. Let p(s) = a + 2*s**2 - s - 3 - 4*s + 2*s. What is p(2)?
5
Let d(o) = o - 1. Let z be d(-6). Let b(l) = 4*l + 2 - 11 - 9*l + 4*l. Let s be b(z). Let r(y) = -3*y**2 - 2*y. Determine r(s).
-8
Let s(c) = 8*c + 1. Let y(a) = -a**2 + 2*a**2 - 6 - 2*a - 2*a. Let w be y(5). Let g be (-1)/((-2 + w)/(-3)). What is s(g)?
-7
Let b(f) = 3*f + f - 1 + 0*f. Let s be (4/(-12))/((-1)/(-15)). Let j be ((-2)/(-4))/(s/10). What is b(j)?
-5
Let a(y) be the third derivative of 0 - 1/6*y**3 - 2*y**2 + 1/8*y**4 + 0*y. Suppose 2*c - 21 = 5*d - 2*d, -4*d - 29 = -3*c. What is a(c)?
8
Let m(l) = -l - 5. Let h be 6*2*(-1)/2. Let u be m(h). Let z(y) = 7*y + 2. Let t(n) = -15*n - 5. Let o(x) = -2*t(x) - 5*z(x). Calculate o(u).
-5
Let o(x) = -2*x + 20. Let z be o(10). Let l(m) = 6*m + 6 - 4 - 7*m**2 + 4. Let u(h) = 20*h**2 - 17*h - 17. Let c(b) = -17*l(b) - 6*u(b). Give c(z).
0
Let a(b) = b**3 - 5*b**2 + 3*b - 4. Let l be a(4). Let d be (-44)/l - 1/(-2). Let v(k) = -3*k + 9. Determine v(d).
-9
Let s(a) be the second derivative of 0 + 1/6*a**3 + 2*a + 0*a**2. Let v = 5 - 3. Determine s(v).
2
Let u be 9/18 + (-18)/(-4). Let m be (-84)/(-18) - (-1)/3. Let k(l) = m*l + 0*l**2 - 2*l**2 - 4*l**2 + 4 + l**3. Calculate k(u).
4
Let z(x) = -x**3 - 2*x**2 - x. Let o be z(-2). Let l(h) = -4*h**2 + 5*h**2 - o*h + 3*h - 5 + 2*h. Give l(-5).
5
Let z(k) be the first derivative of -k**2/2 + 4*k + 7. Give z(-4).
8
Let z(a) be the first derivative of -5 + 0*a - 3/2*a**2. Determine z(-1).
3
Let r(g) = -4*g. Let j(s) = -7*s**2 - s. Suppose 2*c + 2*c = -4. Let p be j(c). Let t(f) = -5*f. Let k(n) = p*r(n) + 5*t(n). What is k(4)?
-4
Let n(k) be the third derivative of -k**4/12 - 3*k**3/2 - 5*k**2. What is n(-7)?
5
Let p(z) = z**3 - 3*z**2 - 3*z - 1. Let u be p(4). Suppose -u*d - 2 = -17. Let k(q) = q. Calculate k(d).
5
Suppose 3*z - 7*z = 8. Let l(t) = 0*t**2 + t**2 + 3*t + t**2 + 2. Calculate l(z).
4
Let n(u) = -u + 2. Let z = 4 + -1. Determine n(z).
-1
Let c = -12 + 12. Let z(l) = c*l**2 + 0*l + 0*l + 5*l**2. Suppose 2*o = -3*s - 3, 5*o + 19 = 2*s + 2*s. Calculate z(s).
5
Let u(f) be the third derivative of f**9/60480 + f**8/4032 + f**7/1260 + f**6/144 - f**5/15 - 5*f**2. Let g(l) be the third derivative of u(l). Give g(-4).
5
Let y(p) be the first derivative of p**2/2 - 11*p + 18. Calculate y(6).
-5
Let m(h) be the first derivative of h**2 - 4. Calculate m(-4).
-8
Let c(i) be the second derivative of -i**3/3 - i**2 - 2*i. What is c(3)?
-8
Let b(o) = -o**2 - 5*o - 5. Suppose -3*i + i = 4*m + 2, -3*m + 1 = i. What is b(i)?
-5
Let z = -94 + 97. Let a(f) = f - 4. What is a(z)?
-1
Let t(v) be the first derivative of -2*v**3 + 4 + 0 + 4 - 4. Give t(-1).
-6
Let g = -3 - -5. Let y be (-4)/(-1) + g/(-2). Let w(i) = 0*i**2 - i**2 - y*i**2 - i. Calculate w(1).
-5
Suppose -c - 1 = -4. Let s(l) = l**c + 9 - l - 9 - l + 4*l**2. Give s(-4).
8
Let v(m) be the second derivative of -m**3 + 3*m**2 + 26*m. What is v(4)?
-18
Let o(d) = 3*d**2 + 6*d + 14. Let m(t) = 2*t**2 + 6*t + 13. Let k(y) = 4*m(y) - 3*o(y). Determine k(7).
3
Let h(u) = 2*u + 1. Let l = 4 - -4. Let g be (-2)/8 + (-14)/l. Let c(n) = 10*n + 6. Let o(p) = g*c(p) + 11*h(p). What is o(4)?
7
Let n(s) = s - 73 + 5*s + 72. Suppose -3*k - 24 = -3*i, 5*i = k + 3*k + 38. Suppose i - 2 = 4*t. Give n(t).
5
Let s(p) = -p**2 + 5 - 424*p - 5 + 6*p**3 + 423*p. Let b(h) = 2*h**2 - 4*h + 2. Let i be b(2). Suppose -w = -1 + i. Give s(w).
-6
Let z(k) = k - 1. Let d(g) = g**3 - 4*g**2 + 4. Let o be d(4). Let m be 10/(-25)*(o + 1). What is z(m)?
-3
Let a(u) = 10*u - 12. Let q(d) = d - 1. Let x(l) = -a(l) + 12*q(l). What is x(3)?
6
Let q(a) be the first derivative of a**2 + 2*a - 4. Let w(p) = -p - 2. Let j(x) = 3*q(x) + 4*w(x). Let l be j(4). Let v(n) = n - 8. Give v(l).
-2
Let o = 254 + -257. Let t(p) = 0*p + 3*p**2 + 3 - 2*p**2 + 2*p. What is t(o)?
6
Let n(f) = -5*f**3 + f**2 - 1. Suppose 4*y - 2*y + 10 = 0, v + y = -5. Suppose 5*h + 16 = h, -5*t - h + 1 = v. Let z be n(t). Let s(g) = g + 3. Calculate s(z).
-2
Suppose -4 = -3*t + 2. Suppose 4*q - t = 10. Let y = q + -6. Let h(b) = b**3 + b**2 - 2*b + 3. Give h(y).
-9
Let m be (-15)/(-2)*132/18. Let t be m/20 - 2/(-8). Let w(a) = -a**3 + t*a**2 - 9*a**2 - a + 1 + 0*a**3. Give w(-6).
7
Let v(x) = -x**3 - 6*x**2 + 6*x - 4. Let n be v(-7). Let h(m) = n*m**2 - 2*m + 8*m - 3*m**2 - 5 - m**2. Let k(l) = l**2 - 5*l + 5. Let s be k(5). What is h(s)?
0
Let j(b) be the first derivative of -b**3/3 - 3*b + 20. What is j(-3)?
-12
Let p be 117/(-27) + (-2)/(-6). Let s(c) = c**2 + 3*c + 1. Calculate s(p).
5
Let m(s) be the second derivative of -s**7/2520 - s**6/720 - 3*s**5/40 - s**4/12 + 4*s. Let v(c) be the third derivative of m(c). What is v(0)?
-9
Let k(o) = -3*o - o - 3*o. Let i(c) = c**2 - 2*c - 4. Let u be i(3). Give k(u).
7
Let f(a) = -a + 1. Let q = 66 - 72. Determine f(q).
7
Suppose -5*w - 3 = -3*v, -w + 3 = 3*v - 2*w. Let m(l) = -2*l - 1 + 2 + 4*l. Let z be m(v). Let u(f) = 3*f - 4. Give u(z).
5
Let c(g) = -2*g + 1. Let r be (-2)/(1 + 15/(-12)). Suppose 0 = 3*f - r - 4. Let o = f + -6. Give c(o).
5
Let y(s) = -s**2 + 3*s. Let x be 1 - (-7 + -1)/4. What is y(x)?
0
Let u(y) = -y**3 - 4*y**2 - y + 1. Let r be u(-4). Let p(v) = r*v**2 + 2*v**3 + 20*v - 9 - 28*v - v**3. Calculate p(-6).
3
Let m(r) = -4*r**2 - 4 + 3*r**3 + 4*r - 4*r**3 + 1. Let z(n) = 6*n + 1. Let j be z(-1). Let q be m(j). Let u(x) = 2*x**3 - 3*x**2 - x + 2. Give u(q).
4
Let l(n) = -3*n**2 - 2*n**2 + 4*n**2. Suppose y = -0*y. Let q be y + (0 + -1)*2. Calculate l(q).
-4
Let h(f) be the first derivative of -f**3/3 - 5*f**2/2 - 6*f - 2. Let n be 3 + 0 + (-6 - 1). Calculate h(n).
-2
Let s(i) = -2*i**2 - 19*i + 4. Let h(j) = j**2 + 10*j - 2. Let f(m) = -7*h(m) - 4*s(m). Calculate f(-5).
-7
Let u(a) be the second derivative of -a**4/12 - 5*a**3/6 + 5*a**2/2 + 8*a. Give u(-6).
-1
Let l be ((-12)/(-20))/((-3)/(-10)). Let p(k) = -5*k - 2. Calculate p(l).
-12
Let h(w) = w - 7 - 4*w**2 - 4*w**2 - w**3 + 4*w**2 + 3. What is h(-4)?
-8
Let g(a) = 6*a**3 + 2*a**2 + a. Let z(s) = s**3 + 11*s**2 - s - 12. Let n be z(-11). Calculate g(n).
-5
Let y(j) = j**3 - 6*j**2 + 3*j - 5. Let n(h) = -h**2 + 11*h + 6. Let i be n(11). Determine y(i).
13
Let s(n) = 0 - n - 213*n**2 + 215*n**2 + 5*n - 5. Give s(-4).
11
Let y(x) be the first derivative of -x**3/3 - x**2/2 - 11. Calculate y(-3).
-6
Suppose 28 = 2*a + 2*a. Suppose -2*s + f + a - 2 = 0, -2*s = f + 5. Let v(c) = -c + 5. Give v(s).
5
Let j(b) = b**2 - 14*b - 4. Suppose -12 = -3*v, -2*i - 6 = -i - 5*v. What is j(i)?
-4
Let w(c) be the third derivative of 0*c + 1/8*c**4 + 0 + 3*c**2 + 1/3*c**3. What is w(-4)?
-10
Suppose w - 24 = 5*f, 2*w + 3*w + 2*f = -15. Let t(s) = 6 + 7*s - 4*s + 3*s - 7. Calculate t(w).
-7
Let f be -1 + 4/(-1 + 2). Suppose -5*i - 4*m = -m, 5 = -m. Suppose i*k + k = -2*x - 12, x + 7 = -f*k. Let q(u) = 6*u + 1. Calculate q(k).
-5
Let r